 26 = -74. Suppose -56 = -5*u + 4*v + 185, -u = -v - 48. What is the remainder when u is divided by s?
24
Let y(v) = -v - 4. Let z(m) = -m - 4. Let p(g) = 5*y(g) - 4*z(g). What is the remainder when 14 is divided by p(-9)?
4
Let i be (0 - 3)*(-10)/(-15). Let s = i - -6. Let w(d) = -d**3 + 4*d**2 + 4*d + 5. What is the remainder when 41 is divided by w(s)?
20
Let g = -4 - -15. Suppose -2*n - 9 = -51. What is the remainder when n is divided by g?
10
Suppose 2*t = 3*l - 2*l - 41, 0 = 2*t - 6. Calculate the remainder when l is divided by 25.
22
Let w(f) = 5*f - 2. Let l = 6 + -6. Suppose 5*h + 26 - 86 = l. What is the remainder when w(5) is divided by h?
11
Let n = -134 + 140. Calculate the remainder when 34 is divided by n.
4
Let d = 51 + 15. Calculate the remainder when d is divided by 17.
15
What is the remainder when 135 + (-4 - (-4)/2) is divided by 69?
64
Let a = -16 - -23. Suppose 0 = -x - 0*x - 3*g + a, 2*x + g = 39. What is the remainder when 85 is divided by x?
19
Let l = -10 + 23. Let z(p) = -4*p + 10. What is the remainder when z(-7) is divided by l?
12
What is the remainder when ((-1)/(-1))/1*40 + 3 is divided by 9?
7
Suppose 0 = -24*y + 26*y - 20. Calculate the remainder when 47 is divided by y.
7
Suppose 0 = 2*y - 6, -q + 49 = q + y. What is the remainder when q is divided by 13?
10
Let r = -31 - -18. Suppose 0 = -3*w - 2*w + 2*s - 128, -3*w = -4*s + 74. Let k = r - w. What is the remainder when 25 is divided by k?
12
Let c = -10 + -5. Let g = c + 26. Let i = -75 + 107. What is the remainder when i is divided by g?
10
Suppose q - 4*q = -90. Suppose 2*j = 15 + 17. What is the remainder when q is divided by j?
14
Let q(k) = -k**2 + k. Let w be q(1). Let n(x) = -x**2 + 3. Suppose 4*d - 36 = -4*t, 0 = 5*t + 3*d - 17 - 20. What is the remainder when t is divided by n(w)?
2
Suppose 2*q + 0*q - 258 = 0. Suppose 0*v - q = -3*v. Calculate the remainder when v is divided by 22.
21
Suppose l = 2*n + 17, -2*n - 4*l = -0*n - 8. Let h = -3 + 4. Calculate the remainder when h is divided by (10/(-15))/(4/n).
0
Let w(v) = -25*v - 7. What is the remainder when w(-1) is divided by 7?
4
Let k = 8 + -5. Suppose 0 = -k*j + 2*j + 10. What is the remainder when 28 is divided by j?
8
Suppose 3*i - 5*i = -8. Let r = -3 + 6. What is the remainder when i is divided by r?
1
Let i(n) = n**2 + n + 1. Let m be i(0). Calculate the remainder when 27 is divided by (-1 - -8) + 2 + m.
7
Suppose -4*h - 15 = i, 0*i + 30 = 4*i - 2*h. Let o(d) = -17*d + 18*d - 1 + 0. Calculate the remainder when 7 is divided by o(i).
3
Suppose -3*p - 3*z = -15, z - 21 - 4 = -3*p. Suppose 5*l - 8 = -3*i, -5*i + 2 = 4*l + 6. Let j(r) = -5*r - 1. Calculate the remainder when j(i) is divided by p.
9
Let k be 2/4 + 1/2. Suppose -4*l + 13 + 7 = 0. Calculate the remainder when 16 is divided by 1*l + k/1.
4
Let b(z) = z**3 + 7*z**2 + 3*z - 1. What is the remainder when ((-22)/(-4))/(25/150) is divided by b(-6)?
16
Suppose 0*v - 8 = -v - 4*k, 0 = v - 4*k. Suppose -5*c = q - 113 + v, 2*c - q - 45 = 0. Calculate the remainder when 65 is divided by c.
21
Let g(y) = -2*y. Let b be g(-1). Suppose -l = b*l - 9. Calculate the remainder when 3 is divided by l.
0
Let d = -5 - -26. Calculate the remainder when d is divided by (-1 - 1)*-1 - -6.
5
Let w be ((-33)/(-1))/3*1. Suppose d - v = 3 + w, 12 = -3*v. Suppose 0*x = 3*i - 4*x - 80, -4*i + 2*x = -110. What is the remainder when i is divided by d?
8
Suppose 0 = 5*b - 4*b - 26. What is the remainder when 49 is divided by b?
23
Suppose 13*c = 10*c + 54. Calculate the remainder when 53 is divided by c.
17
Let l = 31 + -12. Let y = l - 7. Let x = 16 + -9. Calculate the remainder when y is divided by x.
5
Let r = 315 - 172. Let z = -85 + r. Suppose -4*a = z - 142. Calculate the remainder when a is divided by 12.
9
Suppose 0 = -0*k - k + 31. What is the remainder when k is divided by 5?
1
Let m(k) = 3*k - 2. Suppose 0 = -s + 4*c - 1, 3*s - 30 = -s - c. Suppose d = 37 - s. Calculate the remainder when d is divided by m(6).
14
Let a = 10 + -3. Suppose -3*y = -0*y - 18. Suppose 5*i - k = 68, -62 = i - y*i - k. What is the remainder when i is divided by a?
6
Let o(q) = -q**3 - 6*q**2 + 4*q - 4. Let j be o(-7). Suppose -4 = -3*g + j. Calculate the remainder when 26 is divided by g.
5
Suppose 16*a - 73 = 119. What is the remainder when 30 is divided by a?
6
What is the remainder when (1*(-4 + 3))/((-2)/82) is divided by 22?
19
Let n(p) = p**2 + 4*p + 1. Let t(h) = h. Let a be t(3). Let j = -2 - -14. Calculate the remainder when n(a) is divided by j.
10
Suppose -p = 4*p - 35. Suppose 0 - p = -o. What is the remainder when 13 is divided by o?
6
Suppose -14 = -v - 0*v. What is the remainder when v is divided by 8?
6
Suppose -31*l + 12 = -30*l. Suppose -2*o + 111 = 5*j, -o + 0*o + 90 = 4*j. Calculate the remainder when j is divided by l.
11
Let l(v) = -v**3 + 8*v**2 - 7*v + 10. Let d = 8 - -21. Calculate the remainder when d is divided by l(7).
9
Let t = 6 + -1. Suppose 5*n = -3*f + 202, t*n + 2*f + 0*f - 198 = 0. Suppose 5*h + 193 = 243. Calculate the remainder when n is divided by h.
8
Let i be (8/(-5))/((-6)/345). Let g = -80 - -228. Suppose 3*z - m - i = 0, -z - 4*z + 3*m = -g. Calculate the remainder when z is divided by 11.
10
Suppose -7*y + 105 = -63. Calculate the remainder when 47 is divided by y.
23
Suppose 0 = 9*q + q - 570. What is the remainder when q is divided by 12?
9
Suppose 4*v - 99 = -3*y, 2*y + 13 - 39 = -v. What is the remainder when (-92)/(-6)*v/8 is divided by 16?
14
Let f = 4 + 2. Let a(w) = -2*w + 8. Let k be a(6). Let h = f + k. Calculate the remainder when h is divided by 2.
0
Suppose -3*g - 34 = -4*b, 3*b = -3*g + 6 + 9. What is the remainder when 46 is divided by b?
4
Suppose -2*z = g - 115, -37 = -g - 4*z + 78. Suppose -x = 4*x - g. Calculate the remainder when x is divided by 13.
10
Let j(f) = -15*f - 3. Let s(n) = 7*n + 1. Let k(z) = 4*j(z) + 9*s(z). What is the remainder when k(2) is divided by (72/126)/(4/14)?
1
Let q(v) = -7*v**3 + 2*v**2 + 3*v. Suppose -5 = -3*x + 5*p, 0*p = 4*x + 2*p + 2. Suppose x*s - 20 = -s. What is the remainder when q(-2) is divided by s?
18
Let z(r) = 2*r**2 + 11*r - 15. Let n(m) = -m**2 - 11*m + 14. Let g(p) = 3*n(p) + 2*z(p). Suppose 1 = s - 1. Calculate the remainder when g(10) is divided by s.
0
Suppose v - 27 = -7. Calculate the remainder when v is divided by 7.
6
What is the remainder when 2/(812/268 - 3) is divided by 17?
16
Let f = 32 - 19. What is the remainder when 28 + -1 + -2 - 0 is divided by f?
12
Suppose -2*m - 2*m + 4*n = -56, 0 = -m + 5*n + 26. Let k = m - -39. Calculate the remainder when k is divided by 17.
16
Suppose -4*d + 5*l + 235 = 11, -4*d = -3*l - 232. What is the remainder when d is divided by 21?
19
Suppose 4*x + 6 = 14. Suppose -3*m - 1 = -2*m, -x*t = 5*m - 87. What is the remainder when t is divided by 12?
10
Suppose -w - 522 = -5*m, 8*m + 303 = 11*m - 4*w. Calculate the remainder when m is divided by 12.
9
Let c(k) = 2*k - 22. Calculate the remainder when 44 is divided by c(14).
2
Let n = -64 - -99. Suppose 0 = 3*h - 12, 4*m = h + n + 1. Suppose -o = -0*o - 28. Calculate the remainder when o is divided by m.
8
Suppose -43*i + 39*i = -92. Calculate the remainder when i is divided by 12.
11
Suppose 20*g = 19*g + 33. Calculate the remainder when 131 is divided by g.
32
Let t be 3/6*4*59. Let h = t - 17. Suppose 4*m = 5*x - h, 28 = -3*x + 4*m + 95. What is the remainder when 49 is divided by x?
15
Let r = -29 - -43. Let d = 87 - 62. Calculate the remainder when d is divided by r.
11
Let d(g) = 123*g + 1. Let p be d(1). Suppose -4*y + p = -0*y. What is the remainder when y is divided by 11?
9
Let l(m) = -5*m - 15. Calculate the remainder when l(-17) is divided by 18.
16
Suppose 0*a = 7*a - 119. Calculate the remainder when 84 is divided by a.
16
Let t(m) = -m**2 - 6*m - 4. Calculate the remainder when 12 is divided by t(-3).
2
Let w be ((-4)/2)/(1 + -3). Let d be (-2)/(-1) - w/(-1). Calculate the remainder when 5 is divided by (-2)/d*6/(-2).
1
Suppose 0 = 2*c - 4*n - 46, 2*c - 2*n - 16 = -4*n. Calculate the remainder when 44 is divided by c.
5
Let y be (5/3)/(2/(-12)). Let h(t) = 2*t - 9. Calculate the remainder when h(6) is divided by (8/(-10))/(y/25).
1
Suppose 39*g = 42*g - 84. Ca